ctor of j and 117?
13
Let w be 1/(-4) + (-421)/(-4). Suppose 4*l + 77 = 5*g - 100, -138 = -4*g + 5*l. Let c = g - 16. Calculate the greatest common divisor of w and c.
21
Suppose 3*r - 476 + 146 = 0. Suppose -3*v - 4*c = -r, -v = -3*c - 38 - 3. Suppose -d + 4*d - 57 = 0. What is the highest common factor of d and v?
19
Let w = -29 - -30. Let f(v) = -5*v + 1. Let u be f(-2). What is the greatest common divisor of u and w?
1
Let u(s) = -s**2 - 11*s + 4. Let q be u(-11). Calculate the highest common factor of 1 and q.
1
Let r(m) = m**3 - 2*m**2 + 2*m. Let l be r(3). Calculate the greatest common factor of l and 15.
15
Let k = 9 + -11. Let q = 18 + k. What is the greatest common divisor of q and 32?
16
Suppose 6*l - 3*l = 5*i + 44, -5*l + 70 = -5*i. What is the highest common divisor of l and 65?
13
Suppose 0 = -4*f - 3*x + 40, -f - 4*f + 50 = -5*x. Calculate the highest common factor of 200 and f.
10
Suppose 4*p = 5*o + 26, -3*p - 26 = -5*p - 4*o. What is the highest common factor of p and 3?
3
Suppose 3*t = 5*n + 36, -7*t + 3*t + 3*n + 48 = 0. Let u = -1 + 8. Suppose 0 = -5*y + 3 + u. What is the greatest common factor of t and y?
2
Let y be 8/2 - -1*32. Calculate the greatest common factor of 6 and y.
6
Suppose -3 = -4*o + 3*h, -3*h - h - 4 = 3*o. Suppose 3*s - 40 + 7 = o. Calculate the greatest common divisor of 55 and s.
11
Let l be (-12)/(-54) - (-590)/18. Calculate the greatest common divisor of 11 and l.
11
Let m = -26 + 39. Let r be 3/(-27)*-3*39. What is the greatest common divisor of m and r?
13
Let k be 6*((-1)/(-3) + 1). Suppose 4*o + 0 - 4 = -2*n, -2*n = 3*o - 2. Let h be (-24)/9*(-3)/o. What is the greatest common divisor of h and k?
4
Suppose 0 = -2*t + 2*j + 2, -5*t + 3*j + 1 = -0. Let n = t - -11. Let g(z) = 2*z - 6. Let u be g(n). Calculate the highest common factor of 56 and u.
14
Suppose -2*z = -7*z + 10. Suppose 0 = -3*s + b + z*b + 21, 0 = -3*b - 12. Suppose s*a = 168 + 336. Calculate the greatest common factor of a and 21.
21
Let j be 12420/50 - (-2)/(-5). Suppose 76 = 4*n - j. What is the greatest common divisor of 9 and n?
9
Let y = 13 + -8. Suppose 6*i = 3*j + 2*i - 442, -25 = -y*i. Calculate the highest common divisor of j and 22.
22
Suppose 2*d - 6*d = -1248. Let j be 4/10 - d/(-20). What is the greatest common factor of j and 8?
8
Suppose 582 = 4*n - n. Suppose m + 209 = 3*r, 3*m - 4*m - n = 2*r. Let d = -90 - m. Calculate the highest common divisor of d and 10.
10
Let w(q) = q**3 - 8*q**2 + 9*q - 6. Let g be w(7). What is the highest common divisor of 20 and g?
4
Suppose 0 = -12*f - f + 455. Calculate the greatest common divisor of 385 and f.
35
Let l = -23 - -38. Suppose 5*m + l = 0, -3*r - 5*m = -2110 + 583. Let g be r/6 + (-2)/3. What is the highest common divisor of g and 17?
17
Suppose p + 155 = -0*h + 5*h, 0 = -h - p + 25. Let c be 2 - (2 + -3) - 1*-3. What is the highest common factor of c and h?
6
Let s = 13 + -25. Let i be s/((0 - -1)/(-3)). What is the greatest common factor of i and 9?
9
Suppose -20 = -4*k, -190 = -3*r - 3*k + k. Let v(z) = -3 + 2*z**2 + 3*z + 3*z - 5*z. Let y be v(-3). What is the greatest common divisor of y and r?
12
Suppose -150 = -n + 2*p + 3*p, -3*n - p = -434. What is the highest common factor of n and 29?
29
Let p(j) = j**2 + j + 104. Suppose -3*n - 6 = -2*u, 0 = -3*n - 6. Let x be p(u). Let a be (-7)/((-7)/12) + 1. What is the greatest common factor of a and x?
13
Let b = -384 - -664. Calculate the highest common divisor of b and 35.
35
Suppose 82 = 2*f + 2*a, 3*f - a = 36 + 75. What is the highest common divisor of 418 and f?
38
Let d(t) = t**2 - 5*t - 5. Let b be d(6). Let n be b*(12/3 + 2). Let y(o) = -4*o - 3. Let k be y(-3). What is the greatest common divisor of n and k?
3
Let o(u) = u**2 + 18*u + 17. Let a be o(-18). Let i = -64 - -200. What is the greatest common divisor of i and a?
17
Let l(y) be the second derivative of y**5/20 - y**4/2 - y**3 + 2*y. Let t be l(7). Let c be 2/t - (-54)/7. Calculate the greatest common divisor of 12 and c.
4
Let f(j) be the first derivative of -j**4/4 + j**3 - j**2/2 - 2. Let a be f(2). Suppose -k = a*k - 9. Calculate the greatest common divisor of k and 1.
1
Let m be 0 - 3/(9/(-24)). Calculate the highest common divisor of 4 and m.
4
Suppose 2*h = -3*h + 50. Let l(c) = -16*c - 2. Let r be l(-2). Calculate the greatest common factor of r and h.
10
Let j = 9 - 5. Let v be 0*6/30 + 56/2. Calculate the greatest common factor of j and v.
4
Suppose 3*c - 44 = c. Calculate the greatest common factor of c and 242.
22
Let l(i) = 2*i**3 - i**2 - i + 1. Let m be l(1). Let c be m*(-2*8)/2. Let g = -7 - c. What is the highest common divisor of 2 and g?
1
Let h(d) = 5*d**3 + 4*d**2 - 2*d - 2. Let x be h(2). Suppose -22*n + 300 = -7*n. Calculate the greatest common divisor of x and n.
10
Let a = 3 - 7. Let f be ((-2)/(-4))/((-2)/a). Let u(t) = 2*t - 3. Let j be u(2). What is the highest common divisor of j and f?
1
Let t be (-1 - -36) + (12/3)/(-4). What is the greatest common divisor of t and 306?
34
Suppose -5*l - 35 = 45. Let h be (-1)/(-4) + (-1436)/l. What is the greatest common factor of h and 9?
9
Let z be (32/80)/(2/10). Let x be (-14)/28 - (-15)/z. Suppose 12 = 3*t - 2*g - 179, -2*t + 3*g = -129. What is the highest common divisor of t and x?
7
Let l(a) = -a**3 + 10*a**2 + 11*a + 11. Let d be l(11). Calculate the greatest common divisor of d and 22.
11
Suppose 0 = -2*c + 4*c. Suppose 0*w - 2*w - r - 1 = c, -w - 8 = 2*r. Suppose 3*l - 6 = w*l. What is the highest common factor of 36 and l?
6
Let k(l) = 15*l**3 - 4*l**2 + 2*l + 2. Let x be k(2). Let h = 19 - 16. Suppose 0 = -h*v - 3 + 33. Calculate the highest common factor of x and v.
10
Let w(h) = h**2 - h + 1. Let l be w(3). Calculate the highest common factor of 21 and l.
7
Suppose -3*l + 4*m + 1309 = 2*l, -m = l - 260. Let p = l - 63. What is the highest common factor of p and 18?
18
Let m(x) = 8 + x**2 + x + 7*x + 0. Let j(b) = -6*b + 3. Let z be j(2). Let g be m(z). What is the greatest common factor of 51 and g?
17
Suppose 133 = 6*k + 43. Let v(b) = 4*b - 3. Let r be v(2). Calculate the highest common divisor of r and k.
5
Let w(n) = -n + 2. Let p(g) = -g**2 + g. Let o be p(0). Let x be w(o). Calculate the greatest common divisor of 6 and x.
2
Let b be 2/3 - (-428)/6. Calculate the highest common divisor of b and 36.
36
Let i(v) = 9*v + 2. Let w be i(2). What is the greatest common divisor of 40 and w?
20
Suppose 14 = 2*l + 4*c, -2 = 3*l + 4*c - 13. Let g be l/(-2)*48/9. Calculate the highest common divisor of 2 and g.
2
Suppose 3*f - 2*l + 13 = 4*f, 0 = 2*l - 10. Suppose -2 = f*h + 4. Let r be 1 + -4 + 43 + h. What is the highest common factor of 95 and r?
19
Let z(o) = o**3 + 6*o**2 + 3*o - 7. Let q be z(-5). Suppose k - w = 91, -q*k - 3*w = -w - 258. Let x = 22 - 14. What is the greatest common factor of x and k?
8
Let o = 20 + -10. What is the highest common factor of o and 80?
10
Let y = -52 - -97. Calculate the highest common factor of 9 and y.
9
Suppose 0 = 5*l - 4*g - 0*g - 36, 2*l + 3*g = -4. Let o = l - 5. Let u be o/3 + 220/12. What is the highest common factor of 126 and u?
18
Let k be ((-4)/10)/(2/(-10)). Suppose 0 = k*h - 0*n + 2*n + 160, 0 = 5*h + 4*n + 398. Let u be (7/(-21))/(2/h). What is the highest common factor of u and 26?
13
Suppose 3*l = -w - 0*l + 15, 0 = -4*w - 2*l + 10. Suppose -3*o - 5*n + 153 = w, -o + 4*n + 236 = 3*o. What is the highest common factor of o and 7?
7
Suppose 5*w - 54 - 16 = 0. Calculate the highest common divisor of 21 and w.
7
Let z(m) = 22*m**2 - m. Let h be z(1). Let a = -15 + h. Let p be (40/a)/(2/6). What is the greatest common factor of p and 5?
5
Suppose -3*j + 34 = 10. Let t(a) = a**3 - 8*a**2 + 2*a - 5. Let i be t(j). Calculate the greatest common factor of 11 and i.
11
Let w = -58 + 66. What is the greatest common divisor of w and 2?
2
Suppose 5 = -j, -5*j - 23 = 3*r - 2*r. Let q be (-21)/(r/(2 - 12)). Calculate the highest common divisor of 15 and q.
15
Suppose 0 = -5*y - 13 + 38. Let p(v) = -v**3 + 7*v**2 - 7*v - 2. Let o be p(y). Let a be (0 + -1)/(-1)*13. Calculate the greatest common divisor of o and a.
13
Suppose 8*w - 400 = -0. What is the greatest common factor of w and 30?
10
Let h = 18 - 18. Suppose h = -3*z + 8*z - 20